{"id":64,"date":"2021-10-11T11:08:02","date_gmt":"2021-10-11T11:08:02","guid":{"rendered":"https:\/\/sarlpapinalain.fr\/?page_id=64"},"modified":"2021-10-11T12:10:36","modified_gmt":"2021-10-11T12:10:36","slug":"les-credences-de-cuisine","status":"publish","type":"page","link":"https:\/\/sarlpapinalain.fr\/?page_id=64","title":{"rendered":"Les Cr\u00e9dences De Cuisine"},"content":{"rendered":"\n<p>Dans les qualifications de l\u2019entreprise, il y a aussi la r\u00e9alisation des cr\u00e9dences de cuisines, en fa\u00efence.<\/p>\n\n\n\n<p>Dans la cuisine il est aussi possible de mettre un carreaux assez grand (en g\u00e9n\u00e9ral 60*60) et fin sur le plan de travail. Cette finition l\u00e0 ne br\u00fble pas, est costaud et est tr\u00e8s facile d\u2019entretien.<\/p>\n\n\n\n<p>Je n\u2019ai malheureusement pas de photo de plan de travail que nous avons r\u00e9alis\u00e9s&nbsp; mais j\u2019ai quelques cr\u00e9dences.<\/p>\n","protected":false},"excerpt":{"rendered":"<p>Dans les qualifications de l\u2019entreprise, il y a aussi la r\u00e9alisation des cr\u00e9dences de cuisines, en fa\u00efence. Dans la cuisine il est aussi possible de mettre un carreaux assez grand (en g\u00e9n\u00e9ral 60*60) et fin sur le plan de travail. &hellip; <a href=\"https:\/\/sarlpapinalain.fr\/?page_id=64\">Continuer la lecture <span class=\"meta-nav\">&rarr;<\/span><\/a><\/p>\n","protected":false},"author":1,"featured_media":0,"parent":22,"menu_order":0,"comment_status":"closed","ping_status":"closed","template":"","meta":{"footnotes":""},"class_list":["post-64","page","type-page","status-publish","hentry"],"yoast_head":"<!-- This site is optimized with the Yoast SEO plugin v27.5 - https:\/\/yoast.com\/product\/yoast-seo-wordpress\/ -->\n<title>Les Cr\u00e9dences De Cuisine - SARL PAPIN ALAIN<\/title>\n<meta name=\"robots\" content=\"index, follow, max-snippet:-1, max-image-preview:large, max-video-preview:-1\" \/>\n<link rel=\"canonical\" href=\"https:\/\/sarlpapinalain.fr\/?page_id=64\" \/>\n<meta property=\"og:locale\" content=\"fr_FR\" \/>\n<meta property=\"og:type\" content=\"article\" \/>\n<meta property=\"og:title\" content=\"Les Cr\u00e9dences De Cuisine - SARL PAPIN ALAIN\" \/>\n<meta property=\"og:description\" content=\"Dans les qualifications de l\u2019entreprise, il y a aussi la r\u00e9alisation des cr\u00e9dences de cuisines, en fa\u00efence. Dans la cuisine il est aussi possible de mettre un carreaux assez grand (en g\u00e9n\u00e9ral 60*60) et fin sur le plan de travail. &hellip; Continuer la lecture &rarr;\" \/>\n<meta property=\"og:url\" content=\"https:\/\/sarlpapinalain.fr\/?page_id=64\" \/>\n<meta property=\"og:site_name\" content=\"SARL PAPIN ALAIN\" \/>\n<meta property=\"article:modified_time\" content=\"2021-10-11T12:10:36+00:00\" \/>\n<meta name=\"twitter:card\" content=\"summary_large_image\" \/>\n<script type=\"application\/ld+json\" class=\"yoast-schema-graph\">{\"@context\":\"https:\\\/\\\/schema.org\",\"@graph\":[{\"@type\":\"WebPage\",\"@id\":\"https:\\\/\\\/sarlpapinalain.fr\\\/?page_id=64\",\"url\":\"https:\\\/\\\/sarlpapinalain.fr\\\/?page_id=64\",\"name\":\"Les Cr\u00e9dences De Cuisine - SARL PAPIN ALAIN\",\"isPartOf\":{\"@id\":\"https:\\\/\\\/sarlpapinalain.fr\\\/#website\"},\"datePublished\":\"2021-10-11T11:08:02+00:00\",\"dateModified\":\"2021-10-11T12:10:36+00:00\",\"breadcrumb\":{\"@id\":\"https:\\\/\\\/sarlpapinalain.fr\\\/?page_id=64#breadcrumb\"},\"inLanguage\":\"fr-FR\",\"potentialAction\":[{\"@type\":\"ReadAction\",\"target\":[\"https:\\\/\\\/sarlpapinalain.fr\\\/?page_id=64\"]}]},{\"@type\":\"BreadcrumbList\",\"@id\":\"https:\\\/\\\/sarlpapinalain.fr\\\/?page_id=64#breadcrumb\",\"itemListElement\":[{\"@type\":\"ListItem\",\"position\":1,\"name\":\"Accueil\",\"item\":\"https:\\\/\\\/sarlpapinalain.fr\\\/\"},{\"@type\":\"ListItem\",\"position\":2,\"name\":\"Ma\u00e7onnerie\",\"item\":\"https:\\\/\\\/sarlpapinalain.fr\\\/?page_id=22\"},{\"@type\":\"ListItem\",\"position\":3,\"name\":\"Les Cr\u00e9dences De Cuisine\"}]},{\"@type\":\"WebSite\",\"@id\":\"https:\\\/\\\/sarlpapinalain.fr\\\/#website\",\"url\":\"https:\\\/\\\/sarlpapinalain.fr\\\/\",\"name\":\"SARL PAPIN ALAIN\",\"description\":\"Votre artisan carreleur\",\"potentialAction\":[{\"@type\":\"SearchAction\",\"target\":{\"@type\":\"EntryPoint\",\"urlTemplate\":\"https:\\\/\\\/sarlpapinalain.fr\\\/?s={search_term_string}\"},\"query-input\":{\"@type\":\"PropertyValueSpecification\",\"valueRequired\":true,\"valueName\":\"search_term_string\"}}],\"inLanguage\":\"fr-FR\"}]}<\/script>\n<!-- \/ Yoast SEO plugin. -->","yoast_head_json":{"title":"Les Cr\u00e9dences De Cuisine - SARL PAPIN ALAIN","robots":{"index":"index","follow":"follow","max-snippet":"max-snippet:-1","max-image-preview":"max-image-preview:large","max-video-preview":"max-video-preview:-1"},"canonical":"https:\/\/sarlpapinalain.fr\/?page_id=64","og_locale":"fr_FR","og_type":"article","og_title":"Les Cr\u00e9dences De Cuisine - SARL PAPIN ALAIN","og_description":"Dans les qualifications de l\u2019entreprise, il y a aussi la r\u00e9alisation des cr\u00e9dences de cuisines, en fa\u00efence. Dans la cuisine il est aussi possible de mettre un carreaux assez grand (en g\u00e9n\u00e9ral 60*60) et fin sur le plan de travail. &hellip; Continuer la lecture &rarr;","og_url":"https:\/\/sarlpapinalain.fr\/?page_id=64","og_site_name":"SARL PAPIN ALAIN","article_modified_time":"2021-10-11T12:10:36+00:00","twitter_card":"summary_large_image","schema":{"@context":"https:\/\/schema.org","@graph":[{"@type":"WebPage","@id":"https:\/\/sarlpapinalain.fr\/?page_id=64","url":"https:\/\/sarlpapinalain.fr\/?page_id=64","name":"Les Cr\u00e9dences De Cuisine - SARL PAPIN ALAIN","isPartOf":{"@id":"https:\/\/sarlpapinalain.fr\/#website"},"datePublished":"2021-10-11T11:08:02+00:00","dateModified":"2021-10-11T12:10:36+00:00","breadcrumb":{"@id":"https:\/\/sarlpapinalain.fr\/?page_id=64#breadcrumb"},"inLanguage":"fr-FR","potentialAction":[{"@type":"ReadAction","target":["https:\/\/sarlpapinalain.fr\/?page_id=64"]}]},{"@type":"BreadcrumbList","@id":"https:\/\/sarlpapinalain.fr\/?page_id=64#breadcrumb","itemListElement":[{"@type":"ListItem","position":1,"name":"Accueil","item":"https:\/\/sarlpapinalain.fr\/"},{"@type":"ListItem","position":2,"name":"Ma\u00e7onnerie","item":"https:\/\/sarlpapinalain.fr\/?page_id=22"},{"@type":"ListItem","position":3,"name":"Les Cr\u00e9dences De Cuisine"}]},{"@type":"WebSite","@id":"https:\/\/sarlpapinalain.fr\/#website","url":"https:\/\/sarlpapinalain.fr\/","name":"SARL PAPIN ALAIN","description":"Votre artisan carreleur","potentialAction":[{"@type":"SearchAction","target":{"@type":"EntryPoint","urlTemplate":"https:\/\/sarlpapinalain.fr\/?s={search_term_string}"},"query-input":{"@type":"PropertyValueSpecification","valueRequired":true,"valueName":"search_term_string"}}],"inLanguage":"fr-FR"}]}},"_links":{"self":[{"href":"https:\/\/sarlpapinalain.fr\/index.php?rest_route=\/wp\/v2\/pages\/64","targetHints":{"allow":["GET"]}}],"collection":[{"href":"https:\/\/sarlpapinalain.fr\/index.php?rest_route=\/wp\/v2\/pages"}],"about":[{"href":"https:\/\/sarlpapinalain.fr\/index.php?rest_route=\/wp\/v2\/types\/page"}],"author":[{"embeddable":true,"href":"https:\/\/sarlpapinalain.fr\/index.php?rest_route=\/wp\/v2\/users\/1"}],"replies":[{"embeddable":true,"href":"https:\/\/sarlpapinalain.fr\/index.php?rest_route=%2Fwp%2Fv2%2Fcomments&post=64"}],"version-history":[{"count":2,"href":"https:\/\/sarlpapinalain.fr\/index.php?rest_route=\/wp\/v2\/pages\/64\/revisions"}],"predecessor-version":[{"id":178,"href":"https:\/\/sarlpapinalain.fr\/index.php?rest_route=\/wp\/v2\/pages\/64\/revisions\/178"}],"up":[{"embeddable":true,"href":"https:\/\/sarlpapinalain.fr\/index.php?rest_route=\/wp\/v2\/pages\/22"}],"wp:attachment":[{"href":"https:\/\/sarlpapinalain.fr\/index.php?rest_route=%2Fwp%2Fv2%2Fmedia&parent=64"}],"curies":[{"name":"wp","href":"https:\/\/api.w.org\/{rel}","templated":true}]}}